{"id":9,"date":"2020-10-26T11:55:49","date_gmt":"2020-10-26T11:55:49","guid":{"rendered":"https:\/\/vsneustift.wordpress.com\/?page_id=9"},"modified":"2022-11-04T13:26:25","modified_gmt":"2022-11-04T13:26:25","slug":"about","status":"publish","type":"page","link":"https:\/\/vsneustift.at\/?page_id=9","title":{"rendered":"Termine"},"content":{"rendered":"\n<figure class=\"wp-block-table is-style-regular\"><table><tbody><tr><td>Termine f\u00fcr das <strong>SCHULJAHR:<\/strong><br>Termine im ausgegebenen Jahresplaner!<\/td><\/tr><tr><td><strong>SCHULFREIE TAGE \/<\/strong> <strong>FERIEN<\/strong><\/td><td><strong>SONSTIGE TERMINE<\/strong><strong>&nbsp;<\/strong><\/td><\/tr><tr><td><strong>HERBSTFERIEN<\/strong> <br> <br><br><strong>SCHULAUTONOME TAGE<\/strong> <br> <br><br><strong>NATIONALFEIERTAG<\/strong> <br><br><br><strong>ALLERHEILIGEN\/ALLERSEELEN<\/strong> <br><strong>&nbsp;<\/strong> <br><br><strong>MARIA EMPF\u00c4NGNIS<\/strong> &nbsp; <br><br><strong>WEIHNACHTSFERIEN<\/strong>&nbsp; <br><br><strong>SEMESTERFERIEN<\/strong> <br><br><br><strong>OSTERFERIEN<\/strong> <br><br><br><strong>STAATSFEIERTAG<\/strong>  01.05.<br><br><strong>LANDESPATRON<\/strong>  04.05. <br><br><strong>CHRISTI HIMMELFAHRT<\/strong> Donnerstag, <br><br><strong>PFINGSTEN<\/strong>&nbsp;  <br><br><strong>FRONLEICHNAM<\/strong> <br>Donnerstag, <br><br><strong>SOMMERFERIEN<\/strong> <br><\/td><td>&nbsp;<strong><u>WANDERTAGE<\/u><\/strong> <br><br><br><strong><u>ELTERNSPRECHTAGE<\/u><\/strong> <br> &nbsp; <br><br><strong><u>SCH\u00dcLEREINSCHREIBUNG <\/u><\/strong>&nbsp; <br>administrativ (I. Teil): <br> <br>p\u00e4dagogisch (II. Teil):<\/td><\/tr><\/tbody><\/table><\/figure>\n","protected":false},"excerpt":{"rendered":"<p>Termine f\u00fcr das SCHULJAHR:Termine im ausgegebenen Jahresplaner! SCHULFREIE TAGE \/ FERIEN SONSTIGE TERMINE&nbsp; HERBSTFERIEN SCHULAUTONOME TAGE NATIONALFEIERTAG ALLERHEILIGEN\/ALLERSEELEN &nbsp; MARIA EMPF\u00c4NGNIS &nbsp; WEIHNACHTSFERIEN&nbsp; SEMESTERFERIEN OSTERFERIEN STAATSFEIERTAG 01.05. LANDESPATRON 04.05. CHRISTI HIMMELFAHRT Donnerstag, PFINGSTEN&nbsp; FRONLEICHNAM Donnerstag, SOMMERFERIEN &nbsp;WANDERTAGE ELTERNSPRECHTAGE &nbsp; SCH\u00dcLEREINSCHREIBUNG &nbsp; administrativ (I. Teil): p\u00e4dagogisch (II. Teil):<\/p>\n","protected":false},"author":1,"featured_media":0,"parent":0,"menu_order":0,"comment_status":"closed","ping_status":"closed","template":"","meta":{"footnotes":""},"class_list":["post-9","page","type-page","status-publish","hentry"],"yoast_head":"<!-- This site is optimized with the Yoast SEO plugin v21.7 - https:\/\/yoast.com\/wordpress\/plugins\/seo\/ -->\n<title>Termine - Volksschule Neustift im M\u00fchlkreis<\/title>\n<meta name=\"robots\" content=\"index, follow, max-snippet:-1, max-image-preview:large, max-video-preview:-1\" \/>\n<link rel=\"canonical\" href=\"https:\/\/vsneustift.at\/?page_id=9\" \/>\n<meta property=\"og:locale\" content=\"de_DE\" \/>\n<meta property=\"og:type\" content=\"article\" \/>\n<meta property=\"og:title\" content=\"Termine - Volksschule Neustift im M\u00fchlkreis\" \/>\n<meta property=\"og:description\" content=\"Termine f\u00fcr das SCHULJAHR:Termine im ausgegebenen Jahresplaner! SCHULFREIE TAGE \/ FERIEN SONSTIGE TERMINE&nbsp; HERBSTFERIEN SCHULAUTONOME TAGE NATIONALFEIERTAG ALLERHEILIGEN\/ALLERSEELEN &nbsp; MARIA EMPF\u00c4NGNIS &nbsp; WEIHNACHTSFERIEN&nbsp; SEMESTERFERIEN OSTERFERIEN STAATSFEIERTAG 01.05. LANDESPATRON 04.05. CHRISTI HIMMELFAHRT Donnerstag, PFINGSTEN&nbsp; FRONLEICHNAM Donnerstag, SOMMERFERIEN &nbsp;WANDERTAGE ELTERNSPRECHTAGE &nbsp; SCH\u00dcLEREINSCHREIBUNG &nbsp; administrativ (I. Teil): p\u00e4dagogisch (II. Teil):\" \/>\n<meta property=\"og:url\" content=\"https:\/\/vsneustift.at\/?page_id=9\" \/>\n<meta property=\"og:site_name\" content=\"Volksschule Neustift im M\u00fchlkreis\" \/>\n<meta property=\"article:modified_time\" content=\"2022-11-04T13:26:25+00:00\" \/>\n<meta name=\"twitter:card\" content=\"summary_large_image\" \/>\n<meta name=\"twitter:label1\" content=\"Gesch\u00e4tzte Lesezeit\" \/>\n\t<meta name=\"twitter:data1\" content=\"1\u00a0Minute\" \/>\n<script type=\"application\/ld+json\" class=\"yoast-schema-graph\">{\"@context\":\"https:\/\/schema.org\",\"@graph\":[{\"@type\":\"WebPage\",\"@id\":\"https:\/\/vsneustift.at\/?page_id=9\",\"url\":\"https:\/\/vsneustift.at\/?page_id=9\",\"name\":\"Termine - Volksschule Neustift im M\u00fchlkreis\",\"isPartOf\":{\"@id\":\"https:\/\/vsneustift.at\/#website\"},\"datePublished\":\"2020-10-26T11:55:49+00:00\",\"dateModified\":\"2022-11-04T13:26:25+00:00\",\"breadcrumb\":{\"@id\":\"https:\/\/vsneustift.at\/?page_id=9#breadcrumb\"},\"inLanguage\":\"de\",\"potentialAction\":[{\"@type\":\"ReadAction\",\"target\":[\"https:\/\/vsneustift.at\/?page_id=9\"]}]},{\"@type\":\"BreadcrumbList\",\"@id\":\"https:\/\/vsneustift.at\/?page_id=9#breadcrumb\",\"itemListElement\":[{\"@type\":\"ListItem\",\"position\":1,\"name\":\"Startseite\",\"item\":\"https:\/\/vsneustift.at\/\"},{\"@type\":\"ListItem\",\"position\":2,\"name\":\"Termine\"}]},{\"@type\":\"WebSite\",\"@id\":\"https:\/\/vsneustift.at\/#website\",\"url\":\"https:\/\/vsneustift.at\/\",\"name\":\"Volksschule Neustift im M\u00fchlkreis\",\"description\":\"Schulstra\u00dfe 2, 4143 Neustift im M\u00fchlkreis. Eine aktive Schule mit musikalischen, kreativen und sportlichen Schwerpunkten sowie christlichen Werten und gelebter Schulpartnerschaft!\",\"publisher\":{\"@id\":\"https:\/\/vsneustift.at\/#organization\"},\"potentialAction\":[{\"@type\":\"SearchAction\",\"target\":{\"@type\":\"EntryPoint\",\"urlTemplate\":\"https:\/\/vsneustift.at\/?s={search_term_string}\"},\"query-input\":\"required name=search_term_string\"}],\"inLanguage\":\"de\"},{\"@type\":\"Organization\",\"@id\":\"https:\/\/vsneustift.at\/#organization\",\"name\":\"Volksschule Neustift i. M.\",\"url\":\"https:\/\/vsneustift.at\/\",\"logo\":{\"@type\":\"ImageObject\",\"inLanguage\":\"de\",\"@id\":\"https:\/\/vsneustift.at\/#\/schema\/logo\/image\/\",\"url\":\"https:\/\/vsneustift.at\/wp-content\/uploads\/2020\/10\/vs-logo-gut.jpg\",\"contentUrl\":\"https:\/\/vsneustift.at\/wp-content\/uploads\/2020\/10\/vs-logo-gut.jpg\",\"width\":861,\"height\":331,\"caption\":\"Volksschule Neustift i. M.\"},\"image\":{\"@id\":\"https:\/\/vsneustift.at\/#\/schema\/logo\/image\/\"}}]}<\/script>\n<!-- \/ Yoast SEO plugin. -->","yoast_head_json":{"title":"Termine - Volksschule Neustift im M\u00fchlkreis","robots":{"index":"index","follow":"follow","max-snippet":"max-snippet:-1","max-image-preview":"max-image-preview:large","max-video-preview":"max-video-preview:-1"},"canonical":"https:\/\/vsneustift.at\/?page_id=9","og_locale":"de_DE","og_type":"article","og_title":"Termine - Volksschule Neustift im M\u00fchlkreis","og_description":"Termine f\u00fcr das SCHULJAHR:Termine im ausgegebenen Jahresplaner! SCHULFREIE TAGE \/ FERIEN SONSTIGE TERMINE&nbsp; HERBSTFERIEN SCHULAUTONOME TAGE NATIONALFEIERTAG ALLERHEILIGEN\/ALLERSEELEN &nbsp; MARIA EMPF\u00c4NGNIS &nbsp; WEIHNACHTSFERIEN&nbsp; SEMESTERFERIEN OSTERFERIEN STAATSFEIERTAG 01.05. LANDESPATRON 04.05. CHRISTI HIMMELFAHRT Donnerstag, PFINGSTEN&nbsp; FRONLEICHNAM Donnerstag, SOMMERFERIEN &nbsp;WANDERTAGE ELTERNSPRECHTAGE &nbsp; SCH\u00dcLEREINSCHREIBUNG &nbsp; administrativ (I. Teil): p\u00e4dagogisch (II. Teil):","og_url":"https:\/\/vsneustift.at\/?page_id=9","og_site_name":"Volksschule Neustift im M\u00fchlkreis","article_modified_time":"2022-11-04T13:26:25+00:00","twitter_card":"summary_large_image","twitter_misc":{"Gesch\u00e4tzte Lesezeit":"1\u00a0Minute"},"schema":{"@context":"https:\/\/schema.org","@graph":[{"@type":"WebPage","@id":"https:\/\/vsneustift.at\/?page_id=9","url":"https:\/\/vsneustift.at\/?page_id=9","name":"Termine - Volksschule Neustift im M\u00fchlkreis","isPartOf":{"@id":"https:\/\/vsneustift.at\/#website"},"datePublished":"2020-10-26T11:55:49+00:00","dateModified":"2022-11-04T13:26:25+00:00","breadcrumb":{"@id":"https:\/\/vsneustift.at\/?page_id=9#breadcrumb"},"inLanguage":"de","potentialAction":[{"@type":"ReadAction","target":["https:\/\/vsneustift.at\/?page_id=9"]}]},{"@type":"BreadcrumbList","@id":"https:\/\/vsneustift.at\/?page_id=9#breadcrumb","itemListElement":[{"@type":"ListItem","position":1,"name":"Startseite","item":"https:\/\/vsneustift.at\/"},{"@type":"ListItem","position":2,"name":"Termine"}]},{"@type":"WebSite","@id":"https:\/\/vsneustift.at\/#website","url":"https:\/\/vsneustift.at\/","name":"Volksschule Neustift im M\u00fchlkreis","description":"Schulstra\u00dfe 2, 4143 Neustift im M\u00fchlkreis. Eine aktive Schule mit musikalischen, kreativen und sportlichen Schwerpunkten sowie christlichen Werten und gelebter Schulpartnerschaft!","publisher":{"@id":"https:\/\/vsneustift.at\/#organization"},"potentialAction":[{"@type":"SearchAction","target":{"@type":"EntryPoint","urlTemplate":"https:\/\/vsneustift.at\/?s={search_term_string}"},"query-input":"required name=search_term_string"}],"inLanguage":"de"},{"@type":"Organization","@id":"https:\/\/vsneustift.at\/#organization","name":"Volksschule Neustift i. M.","url":"https:\/\/vsneustift.at\/","logo":{"@type":"ImageObject","inLanguage":"de","@id":"https:\/\/vsneustift.at\/#\/schema\/logo\/image\/","url":"https:\/\/vsneustift.at\/wp-content\/uploads\/2020\/10\/vs-logo-gut.jpg","contentUrl":"https:\/\/vsneustift.at\/wp-content\/uploads\/2020\/10\/vs-logo-gut.jpg","width":861,"height":331,"caption":"Volksschule Neustift i. M."},"image":{"@id":"https:\/\/vsneustift.at\/#\/schema\/logo\/image\/"}}]}},"_links":{"self":[{"href":"https:\/\/vsneustift.at\/index.php?rest_route=\/wp\/v2\/pages\/9","targetHints":{"allow":["GET"]}}],"collection":[{"href":"https:\/\/vsneustift.at\/index.php?rest_route=\/wp\/v2\/pages"}],"about":[{"href":"https:\/\/vsneustift.at\/index.php?rest_route=\/wp\/v2\/types\/page"}],"author":[{"embeddable":true,"href":"https:\/\/vsneustift.at\/index.php?rest_route=\/wp\/v2\/users\/1"}],"replies":[{"embeddable":true,"href":"https:\/\/vsneustift.at\/index.php?rest_route=%2Fwp%2Fv2%2Fcomments&post=9"}],"version-history":[{"count":3,"href":"https:\/\/vsneustift.at\/index.php?rest_route=\/wp\/v2\/pages\/9\/revisions"}],"predecessor-version":[{"id":1481,"href":"https:\/\/vsneustift.at\/index.php?rest_route=\/wp\/v2\/pages\/9\/revisions\/1481"}],"wp:attachment":[{"href":"https:\/\/vsneustift.at\/index.php?rest_route=%2Fwp%2Fv2%2Fmedia&parent=9"}],"curies":[{"name":"wp","href":"https:\/\/api.w.org\/{rel}","templated":true}]}}

<figure class="wp-block-table is-style-regular"><table><tbody><tr><td>Termine für das <strong>SCHULJAHR:</strong><br>Termine im ausgegebenen Jahresplaner!</td></tr><tr><td><strong>SCHULFREIE TAGE /</strong> <strong>FERIEN</strong></td><td><strong>SONSTIGE TERMINE</strong><strong>&nbsp;</strong></td></tr><tr><td><strong>HERBSTFERIEN</strong> <br> <br><br><strong>SCHULAUTONOME TAGE</strong> <br> <br><br><strong>NATIONALFEIERTAG</strong> <br><br><br><strong>ALLERHEILIGEN/ALLERSEELEN</strong> <br><strong>&nbsp;</strong> <br><br><strong>MARIA EMPFÄNGNIS</strong> &nbsp; <br><br><strong>WEIHNACHTSFERIEN</strong>&nbsp; <br><br><strong>SEMESTERFERIEN</strong> <br><br><br><strong>OSTERFERIEN</strong> <br><br><br><strong>STAATSFEIERTAG</strong>  01.05.<br><br><strong>LANDESPATRON</strong>  04.05. <br><br><strong>CHRISTI HIMMELFAHRT</strong> Donnerstag, <br><br><strong>PFINGSTEN</strong>&nbsp;  <br><br><strong>FRONLEICHNAM</strong> <br>Donnerstag, <br><br><strong>SOMMERFERIEN</strong> <br></td><td>&nbsp;<strong><u>WANDERTAGE</u></strong> <br><br><br><strong><u>ELTERNSPRECHTAGE</u></strong> <br> &nbsp; <br><br><strong><u>SCHÜLEREINSCHREIBUNG </u></strong>&nbsp; <br>administrativ (I. Teil): <br> <br>pädagogisch (II. Teil):</td></tr></tbody></table></figure>

<p>Termine für das SCHULJAHR:Termine im ausgegebenen Jahresplaner! SCHULFREIE TAGE / FERIEN SONSTIGE TERMINE&nbsp; HERBSTFERIEN SCHULAUTONOME TAGE NATIONALFEIERTAG ALLERHEILIGEN/ALLERSEELEN &nbsp; MARIA EMPFÄNGNIS &nbsp; WEIHNACHTSFERIEN&nbsp; SEMESTERFERIEN OSTERFERIEN STAATSFEIERTAG 01.05. LANDESPATRON 04.05. CHRISTI HIMMELFAHRT Donnerstag, PFINGSTEN&nbsp; FRONLEICHNAM Donnerstag, SOMMERFERIEN &nbsp;WANDERTAGE ELTERNSPRECHTAGE &nbsp; SCHÜLEREINSCHREIBUNG &nbsp; administrativ (I. Teil): pädagogisch (II. Teil):</p>

<!-- This site is optimized with the Yoast SEO plugin v21.7 - https://yoast.com/wordpress/plugins/seo/ -->
<title>Termine - Volksschule Neustift im Mühlkreis</title>
<meta name="robots" content="index, follow, max-snippet:-1, max-image-preview:large, max-video-preview:-1" />
<link rel="canonical" href="https://vsneustift.at/?page_id=9" />
<meta property="og:locale" content="de_DE" />
<meta property="og:type" content="article" />
<meta property="og:title" content="Termine - Volksschule Neustift im Mühlkreis" />
<meta property="og:description" content="Termine für das SCHULJAHR:Termine im ausgegebenen Jahresplaner! SCHULFREIE TAGE / FERIEN SONSTIGE TERMINE&nbsp; HERBSTFERIEN SCHULAUTONOME TAGE NATIONALFEIERTAG ALLERHEILIGEN/ALLERSEELEN &nbsp; MARIA EMPFÄNGNIS &nbsp; WEIHNACHTSFERIEN&nbsp; SEMESTERFERIEN OSTERFERIEN STAATSFEIERTAG 01.05. LANDESPATRON 04.05. CHRISTI HIMMELFAHRT Donnerstag, PFINGSTEN&nbsp; FRONLEICHNAM Donnerstag, SOMMERFERIEN &nbsp;WANDERTAGE ELTERNSPRECHTAGE &nbsp; SCHÜLEREINSCHREIBUNG &nbsp; administrativ (I. Teil): pädagogisch (II. Teil):" />
<meta property="og:url" content="https://vsneustift.at/?page_id=9" />
<meta property="og:site_name" content="Volksschule Neustift im Mühlkreis" />
<meta property="article:modified_time" content="2022-11-04T13:26:25+00:00" />
<meta name="twitter:card" content="summary_large_image" />
<meta name="twitter:label1" content="Geschätzte Lesezeit" />
	<meta name="twitter:data1" content="1 Minute" />
<script type="application/ld+json" class="yoast-schema-graph">{"@context":"https://schema.org","@graph":[{"@type":"WebPage","@id":"https://vsneustift.at/?page_id=9","url":"https://vsneustift.at/?page_id=9","name":"Termine - Volksschule Neustift im Mühlkreis","isPartOf":{"@id":"https://vsneustift.at/#website"},"datePublished":"2020-10-26T11:55:49+00:00","dateModified":"2022-11-04T13:26:25+00:00","breadcrumb":{"@id":"https://vsneustift.at/?page_id=9#breadcrumb"},"inLanguage":"de","potentialAction":[{"@type":"ReadAction","target":["https://vsneustift.at/?page_id=9"]}]},{"@type":"BreadcrumbList","@id":"https://vsneustift.at/?page_id=9#breadcrumb","itemListElement":[{"@type":"ListItem","position":1,"name":"Startseite","item":"https://vsneustift.at/"},{"@type":"ListItem","position":2,"name":"Termine"}]},{"@type":"WebSite","@id":"https://vsneustift.at/#website","url":"https://vsneustift.at/","name":"Volksschule Neustift im Mühlkreis","description":"Schulstraße 2, 4143 Neustift im Mühlkreis. Eine aktive Schule mit musikalischen, kreativen und sportlichen Schwerpunkten sowie christlichen Werten und gelebter Schulpartnerschaft!","publisher":{"@id":"https://vsneustift.at/#organization"},"potentialAction":[{"@type":"SearchAction","target":{"@type":"EntryPoint","urlTemplate":"https://vsneustift.at/?s={search_term_string}"},"query-input":"required name=search_term_string"}],"inLanguage":"de"},{"@type":"Organization","@id":"https://vsneustift.at/#organization","name":"Volksschule Neustift i. M.","url":"https://vsneustift.at/","logo":{"@type":"ImageObject","inLanguage":"de","@id":"https://vsneustift.at/#/schema/logo/image/","url":"https://vsneustift.at/wp-content/uploads/2020/10/vs-logo-gut.jpg","contentUrl":"https://vsneustift.at/wp-content/uploads/2020/10/vs-logo-gut.jpg","width":861,"height":331,"caption":"Volksschule Neustift i. M."},"image":{"@id":"https://vsneustift.at/#/schema/logo/image/"}}]}</script>
<!-- / Yoast SEO plugin. -->

Termine - Volksschule Neustift im Mühlkreis

Termine für das SCHULJAHR:Termine im ausgegebenen Jahresplaner! SCHULFREIE TAGE / FERIEN SONSTIGE TERMINE&nbsp; HERBSTFERIEN SCHULAUTONOME TAGE NATIONALFEIERTAG ALLERHEILIGEN/ALLERSEELEN &nbsp; MARIA EMPFÄNGNIS &nbsp; WEIHNACHTSFERIEN&nbsp; SEMESTERFERIEN OSTERFERIEN STAATSFEIERTAG 01.05. LANDESPATRON 04.05. CHRISTI HIMMELFAHRT Donnerstag, PFINGSTEN&nbsp; FRONLEICHNAM Donnerstag, SOMMERFERIEN &nbsp;WANDERTAGE ELTERNSPRECHTAGE &nbsp; SCHÜLEREINSCHREIBUNG &nbsp; administrativ (I. Teil): pädagogisch (II. Teil):

Volksschule Neustift im Mühlkreis

Schulstraße 2, 4143 Neustift im Mühlkreis. Eine aktive Schule mit musikalischen, kreativen und sportlichen Schwerpunkten sowie christlichen Werten und gelebter Schulpartnerschaft!
